(-165).
3312
Let m(z) = z**3 - 73*z + 265. What is m(6)?
43
Let b(n) = n**3 - 45*n**2 + 130*n + 81. Determine b(42).
249
Let l(h) = -7*h**2 + 3852*h - 20172. Determine l(545).
-7
Let h(j) = j**2 - 175806*j - 10. Calculate h(0).
-10
Let i(c) = 492*c + 6486. Calculate i(-13).
90
Let d(l) = 2462*l - 11968. Give d(5).
342
Let y(u) = 34168*u + 34188. Calculate y(-1).
20
Let d(j) = -408*j**2 - 8205*j - 29. Give d(-20).
871
Let y(i) = 4*i**2 + 62*i - 156. Calculate y(3).
66
Let o(f) = 15*f**2 + 195*f + 746. Calculate o(-8).
146
Let x(n) = n**2 - 498*n + 30427. Give x(70).
467
Let w(u) = 1951*u - 811610. Give w(416).
6
Let q(l) = 9392*l - 873451. Give q(93).
5
Let t(q) = q**2 - 396*q + 38711. What is t(224)?
183
Let u(s) = s**3 - 115*s**2 + 542*s + 403. Give u(110).
-477
Let n(p) = -129*p - 6419. Give n(-23).
-3452
Let v(k) = 2*k**2 + 349*k + 365. Calculate v(-1).
18
Let n(r) = 5*r**3 + 17*r**2 + 14*r - 37. Give n(-2).
-37
Let t(v) = -8*v**3 + 102*v**2 + 129*v + 55. Give t(14).
-99
Let j(l) = 1042*l + 18007. Give j(-18).
-749
Let y(w) = w**3 - 30*w**2 + 469*w - 2098. What is y(6)?
-148
Let q(r) = -11071*r - 852474. Calculate q(-77).
-7
Let r(o) = 3238*o + 48476. Give r(-15).
-94
Let m(f) = -1251*f - 26137. What is m(-21)?
134
Let u(f) = -6846*f - 924210. What is u(-135)?
0
Let g(r) = 6*r**2 - 586*r + 1525. Determine g(95).
5
Let c(s) = -4*s**3 + 1156*s**2 + 1169*s - 1654. What is c(290)?
956
Let y(s) = -63162*s + 568429. What is y(9)?
-29
Let m(a) = -3*a**3 - 738*a**2 - 733*a + 380. Calculate m(-245).
-110
Let z(v) = -v**2 + 188*v - 6162. Determine z(146).
-30
Let a(d) = -2151*d - 28400. Give a(-14).
1714
Let t(h) = 3*h**2 + 9636*h - 116060. Calculate t(12).
4
Let v(i) = -3*i**2 - 178*i - 1243. Calculate v(-47).
496
Let w(h) = 10*h**2 + 48*h + 694. What is w(-16)?
2486
Let w(y) = 175*y - 15388. Determine w(88).
12
Let p(r) = -r**3 - 35*r**2 + 43*r + 1676. Determine p(-38).
4374
Let q(g) = 2*g**3 + 4*g**2 - 100*g - 231. Give q(13).
3539
Let y(s) = -14*s**3 - 140*s**2 - 56*s - 12. What is y(-10)?
548
Let n(u) = -380*u**2 + 1915*u - 73. What is n(5)?
2
Let g(v) = v**2 + 937*v + 43510. Give g(-49).
-2
Let t(d) = d**3 + 34*d**2 + 237*d + 301. What is t(-25)?
1
Let a(t) = -t**3 + 9*t**2 + 470*t + 2286. Determine a(-6).
6
Let u(o) = 807*o + 27422. Give u(-34).
-16
Let r(x) = 28609*x - 200023. What is r(7)?
240
Let l(c) = 686*c - 4345. What is l(6)?
-229
Let c(r) = 2173*r**2 + 19574*r - 54. What is c(-9)?
-207
Let r(q) = -252*q - 3658. Determine r(-10).
-1138
Let f(o) = -11*o**2 - 1929*o + 3899. Determine f(2).
-3
Let p(t) = -1383*t - 5532. Calculate p(-4).
0
Let q(p) = 147*p - 16157. Give q(101).
-1310
Let t(p) = 166*p - 25672. What is t(155)?
58
Let l(r) = -2*r**2 + 19789*r + 138626. What is l(-7)?
5
Let t(a) = -a**3 - 32*a**2 + 87*a - 631. Give t(-35).
-1
Let a(j) = 4423*j - 70764. Determine a(16).
4
Let u(v) = v**3 - 466*v**2 + 1779*v + 31901. Determine u(462).
23
Let x(f) = 4164*f + 524706. What is x(-126)?
42
Let r(x) = -x**3 - 13*x**2 + 6*x - 621. Calculate r(-16).
51
Let v(b) = 397*b**2 - 3500*b + 68. Give v(9).
725
Let k(w) = 5*w**3 + 1481*w**2 + 4722*w + 9965. Determine k(-293).
3
Let b(f) = -293*f - 1502. Determine b(-5).
-37
Let d(c) = -1518*c - 8977. Determine d(-6).
131
Let y(b) = -627306*b - 13173433. Determine y(-21).
-7
Let m(b) = -44007*b + 2200257. Give m(50).
-93
Let i(n) = n**2 - 127*n + 798. What is i(119)?
-154
Let z(j) = -3517*j + 16947. Give z(5).
-638
Let l(m) = -2848*m - 11348. Calculate l(-4).
44
Let f(g) = g**3 - 22*g**2 + 88*g + 50. Calculate f(6).
2
Let m(a) = -6*a**2 + 168*a + 576. Give m(26).
888
Let u(o) = -10*o**2 + 221*o + 1307. Calculate u(-6).
-379
Let g(c) = -6*c**3 + 1122*c**2 - 3*c + 626. Calculate g(187).
65
Let k(v) = -7*v**2 - 103*v - 67. Calculate k(-6).
299
Let o(l) = 4*l**2 + 138*l + 155. Determine o(-33).
-43
Let t(h) = -2*h**2 + 2173*h - 23907. What is t(11)?
-246
Let z(f) = -9237*f - 101585. Calculate z(-11).
22
Let c(i) = 8*i**2 - 3752*i + 26193. What is c(7)?
321
Let a(y) = y**3 - 62*y**2 + 88*y - 5442. What is a(62)?
14
Let i(n) = 7*n**2 - 221*n - 269. Determine i(37).
1137
Let k(g) = -5*g**2 + 255*g - 1710. Give k(43).
10
Let r(u) = 132*u**3 - 14*u**2 + 12*u + 52. Calculate r(3).
3526
Let m(b) = b**3 + 4*b**2 + 155*b + 603. Calculate m(-4).
-17
Let d(h) = -7*h**3 + 322*h**2 - 147*h + 6776. Calculate d(46).
14
Let y(s) = s**3 + 8*s**2 + 5170*s + 36170. Calculate y(-7).
29
Let x(j) = j**3 - 23*j**2 + 47*j - 105. What is x(22)?
445
Let g(p) = 10*p**2 + 183*p + 1231. Determine g(-10).
401
Let u(t) = -3*t**3 - 1498*t**2 - 10422*t - 12. Give u(-7).
569
Let i(r) = -3*r**3 + 4439*r**2 - 141799*r - 10122. Give i(1447).
7
Let r(n) = 2*n**2 - 96*n - 2068. Give r(65).
142
Let w(u) = 146*u**2 + 2941*u + 3171. Give w(-19).
-2
Let b(q) = 3830*q - 658760. Give b(172).
0
Let x(r) = r**3 - 46*r**2 - 78*r - 754. Determine x(48).
110
Let m(d) = 3003*d + 15556. Calculate m(-5).
541
Let u(s) = 5*s**2 - 434*s - 11329. Give u(-21).
-10
Let l(v) = 19858*v - 1210970. What is l(61)?
368
Let g(p) = -p**3 + 14*p**2 - 71*p + 1855. Calculate g(17).
-219
Let i(k) = -3*k**3 - 30*k**2 + 92*k + 2. What is i(-15)?
1997
Let f(a) = -131*a + 2582. Determine f(17).
355
Let z(m) = 24175*m + 48343. What is z(-2)?
-7
Let p(l) = 1877*l + 4347. Determine p(-2).
593
Let t(w) = w**2 + 643*w - 4471. Determine t(7).
79
Let h(l) = -l**3 - 30*l**2 + 182*l + 2225. What is h(-14)?
-3459
Let x(h) = 46506*h - 2604336. Determine x(56).
0
Let x(d) = -324533*d - 11034141. Determine x(-34).
-19
Let h(u) = -2*u**3 + 71*u**2 - 176*u - 3. Give h(33).
-366
Let o(h) = -18219*h + 838355. Calculate o(46).
281
Let h(q) = 11*q**2 - 75*q - 990. Determine h(-10).
860
Let k(l) = -2*l**2 + 10160*l - 192323. What is k(19)?
-5
Let n(w) = w**2 - 5416*w - 2116215. Calculate n(-366).
-3
Let f(h) = 5*h**2 - 1655*h + 2989. What is f(329)?
-301
Let f(p) = -p**2 + 2355*p - 46711. Calculate f(20).
-11
Let d(q) = 145385*q - 436147. Determine d(3).
8
Let v(b) = -3*b**2 + 1801*b + 5138. Give v(-3).
-292
Let l(p) = -3723*p - 118979. Calculate l(-32).
157
Let m(v) = -79*v**2 - 1179*v - 39. What is m(-16)?
-1399
Let j(s) = s**3 - 78*s**2 - 1804*s + 136269. Determine j(79).
-6
Let g(z) = 8595*z - 335208. Give g(39).
-3
Let b(o) = -375*o - 1337. What is b(2)?
-2087
Let x(t) = 2*t**3 - 126*t**2 - 22003*t - 454. Calculate x(141).
-1441
Let j(c) = -386*c - 18905. What is j(-46)?
-1149
Let x(n) = -639*n**2 - 1233*n + 10. Give x(-2).
-80
Let v(b) = 27*b**3 + 8*b**2 - 35*b + 30. Give v(2).
208
Let g(k) = 8*k**3 - 141*k**2 - 15*k + 116. Determine g(18).
818
Let f(q) = -q**3 + 58*q**2 - 417*q + 174. Determine f(14).
2960
Let h(u) = -132*u**3 - u**2 + 43*u + 126. Calculate h(-3).
3552
Let z(v) = 48031*v - 384260. What is z(8)?
-12
Let o(t) = 344457*t - 3788957. Calculate o(11).
70
Let p(t) = -t**3 - 7*t**2 - 111*t - 426. Calculate p(-16).
3654
Let x(g) = 4*g**3 + 1411*g**2 + 5249*g + 4884. What is x(-349)?
-2
Let m(q) = -358*q - 1073. Determine m(-3).
1
Let f(s) = 2690*s + 169044. Give f(-63).
-426
Let s(i) = 3*i**2 - 123*i + 1985. What is s(40)?
1865
Let v(o) = 3*o**2 + 1581*o - 1694944. What is v(533)?
-4
Let t(x) = 385*x + 52552. Calculate t(-136).
192
Let f(b) = -17*b**2 + 1143*b - 2226. Calculate f(2).
-8
Let x(o) = o**2 + 2033*o - 74394. Determine x(36).
90
Let k(i) = -i**2 + 6483*i + 149741. Determine k(-23).
103
Let k(c) = 67*c + 1831. What is k(-20)?
491
Let y(v) = -v**3 - 85*v**2 + 146*v - 2174. Calculate y(-87).
262
Let f(m) = -63*m**2 - 1708*m - 3403. Determine f(-25).
-78
Let b(k) = -378*k**3 + 2644*k**2 + 24*k - 75. What is b(7)?
-5
Let n(a) = -654*a + 404. Determine n(2).
-904
Let q(j) = -j**2 + 15*j + 464. Calculate q(-26).
-602
Let a(g) = g**3 - 37*g**2 - 6744*g + 44392. Give a(100).
-8
Let v(u) = 21*u**2 - 2070*u - 7365. Give v(102).
-21
Let b(a) = a**3 + 44*a**2 + 417*a + 330. What is b(-15)?
600
Let d(c) = c**3 - 36*c**2 + 7151*c - 257437. Determine d(36).
-1
Let n(i) = 5*i**3 - 198*i**2 + 1207*i + 310. Give n(32).
22
Let f(r) = 12466*r + 1134392. Determine f(-91).
-14
Let f(b) = -b**3 - 2121*b**2 - 10546*b + 171. Give f(-5).
1
Let v(k) = k**3 + 4*k**2 + 67*k - 1102. Calculate v(12).
2006
Let n(s) = 209*s**2 + 3761*s - 22. Determine n(-18).
-4
Let c(p) = -20666*p + 516600. Give 